tors of c(h)?
2, 59
List the prime factors of (15 - 16)/(2/(-230) - 0).
5, 23
Let r be 3/(4 - 6/2). Let d be 2/(-6)*r - -4. Suppose 371 = d*m + 4*m. List the prime factors of m.
53
Let s(o) = o**3 + 4*o**2 - 2*o + 2. Let l be s(-4). Suppose -6*y - 348 = -l*y. Suppose 3*z - y = -2*n - n, -2*z + 2*n + 38 = 0. What are the prime factors of z?
2, 3
Let o = 306 - 0. What are the prime factors of o?
2, 3, 17
Suppose -1 = j + 5. Let x(q) be the second derivative of q**4/12 - 2*q**3/3 - q**2 - 62*q - 2. List the prime factors of x(j).
2, 29
Suppose -3*m = -73 - 1535. What are the prime factors of (m/32 + 4)/(2/16)?
2, 83
Suppose -4*x + 0*k + 3*k = -25, 4*x - 2*k - 22 = 0. Suppose x*l + 57 = 5*m, l = m - 0*l - 12. List the prime factors of m.
3
List the prime factors of 3/7 - 14082/(-21).
11, 61
Let p(h) = 3*h**2 - h - 4. Let n(c) = 2*c**2 - 2*c - 4. Let v(s) = -4*n(s) + 5*p(s). List the prime factors of v(4).
2, 3, 5
Let l(a) = 2*a**2 + 26*a - 7. Let o be (16 - 28)*4/3. What are the prime factors of l(o)?
89
Let q be 3/(-12) - (-9)/4. Suppose -3*l - 2*b + b + 5 = 0, 3*b + 7 = q*l. Suppose 5*n + 4*z = 118, -6*z = -l*n - z + 67. What are the prime factors of n?
2, 13
Let o = 103 + -232. Let a = 190 + o. List the prime factors of a.
61
What are the prime factors of 6 - (-15)/((-105)/(-1624))?
2, 7, 17
Suppose -21*z = -565 - 149. List the prime factors of z.
2, 17
Let g(d) = 2*d**2 - 4*d + 5. What are the prime factors of g(14)?
11, 31
Let r = 504 + 328. What are the prime factors of r?
2, 13
Suppose 5*b - 4965 = -5*d, 2*d - 102*b + 105*b = 1984. List the prime factors of d.
5, 199
Let s be (-2 + (-77)/28)/(1/(-12)). Suppose -s*c = -53*c - 692. What are the prime factors of c?
173
Let g(d) = d - 7. Let l be g(5). Let k(a) = 11*a**2 + 7*a - 8. Let i be k(1). Let x = i + l. List the prime factors of x.
2
Suppose 387 - 2 = 7*o. Let k = o + -40. What are the prime factors of k?
3, 5
Let j = 4 - -1. Suppose -j*d + a = -57, 0*d + 5*a = -4*d + 63. Suppose 9*u + 66 = d*u. List the prime factors of u.
2, 11
What are the prime factors of (-4*(-2)/16)/(2/724)?
181
List the prime factors of (31542/(-105))/(-2 + 24/15).
751
Let z(v) = 2*v**2 + 5*v + 12 - v**2 + 6*v - 4*v. Let r = -40 + 29. List the prime factors of z(r).
2, 7
Let l = 111 - 19. Suppose -4*u - l = -28. List the prime factors of (-70)/4*u/20.
2, 7
Let s(n) = 8*n + 41. List the prime factors of s(42).
13, 29
Let x be 2/(-8) - (66/(-8) + 3). Suppose x*t = -2*g + 130, 3*t + 2*t + 90 = 2*g. What are the prime factors of g?
5, 11
What are the prime factors of 1/((-77)/(-22)) + 14360/14?
2, 3, 19
Let f = -940 - -1349. What are the prime factors of f?
409
Let f = 5203 + -2336. List the prime factors of f.
47, 61
Let d(y) = 3*y + 51. Let l be d(-14). Suppose -g + l = 2*g. What are the prime factors of g?
3
Suppose 6*a - 3 - 9 = 0. Suppose -a = d - 5. Suppose 3*v + d = 9. What are the prime factors of v?
2
Suppose -m - h - 641 = -5*m, 644 = 4*m - 4*h. Suppose -4*i = i - m. What are the prime factors of i?
2
Let p = -396 - -696. What are the prime factors of p?
2, 3, 5
Suppose 3*d - 12 = 4*w, 4*d = 6*d - 3*w - 9. Suppose d = 3*h - 5*h + 226. What are the prime factors of h?
113
Suppose 2*l = 5*q - 0*q - 13, l - 10 = -3*q. Let m be -8 - 2 - (-1 - q). Let y = m - -17. List the prime factors of y.
11
Suppose 5*d = 2*s, 2*s = -0*d - d. Suppose 4*t + 0*t - 16 = d. Suppose -4*y - 40 = -4*z, -8*z + t*z + 50 = y. What are the prime factors of z?
2, 3
Suppose 3*a - 4*s = 496, -2*s - s = 3*a - 510. What are the prime factors of a?
2, 3, 7
Let u = 16 + 16. Suppose 8 = -2*n - u. Let c = n - -31. List the prime factors of c.
11
Suppose 0 = 3*b - 419 - 1060. List the prime factors of b.
17, 29
Let z(i) = 2*i**2 - 5*i + 10. Let r(s) = -s**3 + 6*s**2 + 2*s - 7. Let k be r(6). Let q be z(k). Suppose q = 2*p - 5. What are the prime factors of p?
2, 5
Let l = 25 - 13. Suppose -5*m = -3*a - 0*a + 14, -m - l = 4*a. What are the prime factors of 51 + (m - -5) - 1?
3, 17
Suppose 0*d = 2*d + 5*m - 1713, 2*d - 5*m = 1703. What are the prime factors of d?
2, 7, 61
What are the prime factors of (-61 - -2)/(1 - (-220)/(-215))?
43, 59
Suppose -12*j + 16*j - 284 = 0. Suppose 2*t - 4*c - 110 = 0, 3*t - 4*c - j = 94. What are the prime factors of t?
5, 11
Let v(x) = -x**3 - 2*x - 65. Let g be v(0). Let w = g - -99. What are the prime factors of w?
2, 17
Let j(g) = -127*g + 2. Suppose -7*x + 1 = 8. List the prime factors of j(x).
3, 43
List the prime factors of 8/(-24)*(2 - 269).
89
Suppose -5*s = -0*w - 5*w + 14330, -5*w - 5*s + 14370 = 0. What are the prime factors of w?
2, 5, 7, 41
Let a be ((-174)/(-4))/(21/(-28)). Let f = -51 - a. What are the prime factors of f?
7
Suppose 2*m + 0 = 6. Suppose -m*k + 21 = -0*k. Suppose -5*x - 84 = -k*x. What are the prime factors of x?
2, 3, 7
Let y be 1/((-72)/(-210) + 2/(-10)). Suppose -y*b + 4*b = -276. What are the prime factors of b?
2, 23
Suppose -2*d + 8 = 10. List the prime factors of d/8 + (-994)/(-16).
2, 31
Let d = 174 - 17. What are the prime factors of d?
157
Suppose 3*a + 4223 = 4*d, 1130 = 3*d + a - 2034. What are the prime factors of d?
5, 211
Let f(i) = 21*i - 2. Let h(q) = -20*q + 1. Suppose 3*x - x = -4. Let k(v) = x*h(v) - 3*f(v). What are the prime factors of k(-2)?
2, 5
Let g(j) = -36*j - 104. What are the prime factors of g(-22)?
2, 43
Let r(z) = -42*z + 100. List the prime factors of r(-10).
2, 5, 13
Let j(y) = y**2 - 10*y + 2. Suppose 2*v - 10 = v. Let i be j(v). Suppose 0*x + 56 = 2*x - 4*t, 4*x = i*t + 88. What are the prime factors of x?
2, 5
Let v(b) = 14*b + 2. Let c = 15 + -12. List the prime factors of v(c).
2, 11
Suppose -29*f = -31*f + 2634. What are the prime factors of f?
3, 439
Let p = -178 + 243. List the prime factors of p.
5, 13
Let n = -11 + 25. Suppose m + 2*y + n = 2*m, -m + 15 = -3*y. List the prime factors of m.
2, 3
Let t(v) = v**2 - v - 1. Let k be t(2). Let g be (k + -4)/(-4 - -3). Suppose -d = -g*d + 26. List the prime factors of d.
13
Let n(z) be the first derivative of -9/2*z**2 + 6 + 9*z + 1/4*z**4 + 7/3*z**3. What are the prime factors of n(-8)?
17
Suppose 5019 = -25*i + 45669. List the prime factors of i.
2, 3, 271
List the prime factors of (-1)/(16336/5448 - 3).
3, 227
Let o be 23/2*(1 - -1). Let t = -20 + o. Let q = t + 47. What are the prime factors of q?
2, 5
Suppose -x + 5 = 4*l, -5*x - 6*l + 4*l + 43 = 0. Suppose -3*g + 3 = -x. Suppose 0 = -5*s + 5, 40 = -0*o + o - g*s. What are the prime factors of o?
2, 11
Let o(f) = f**3 - 4*f**2 - 11*f - 5. Let b be o(6). List the prime factors of b/((-1)/(-38)) - -4.
2, 3, 7
Let a(z) = -10*z**3 + z**2. Let o(v) be the first derivative of 5*v**4 - 2*v**3/3 - 10. Let s(u) = 5*a(u) + 3*o(u). What are the prime factors of s(1)?
3
Suppose -6 = -2*o, -5*m + 4518 = -o - 24164. What are the prime factors of m?
5737
Let x be -1*(((-12)/4)/3 + 4). List the prime factors of 5 + -1*(x - -5).
3
Suppose 60*u = 12*u + 35088. What are the prime factors of u?
17, 43
Let z(h) = h**3 - 6*h - 1. Let r(d) = 2*d**2 - 2*d - 1. Let v be r(3). Let u = v + -7. What are the prime factors of z(u)?
3, 13
Suppose 2*x - 10 = 2*r, 10 = x + x - 4*r. Suppose x*g + 48 = 8*g. What are the prime factors of g?
2
Suppose -75*r = -58*r - 4505. List the prime factors of r.
5, 53
Suppose 5*g - 2 = 5*y + 23, 0 = -4*g - 20. What are the prime factors of (y/(-8))/(6/576*2)?
2, 3, 5
Suppose 11*a - 7*a = 376. Suppose 22 = 5*u + x, 4*u - 2*u + 5 = -5*x. Suppose -138 = -u*v + 2*t + a, -5*t = 3*v - 133. List the prime factors of v.
2, 23
Let u(b) = b**2 + 17*b - 5. List the prime factors of u(12).
7
Let c be (-251 + 5)/(-2 - 0). Suppose 0 = 3*s - c - 156. List the prime factors of s.
3, 31
Let k = 2074 - 1468. Suppose -37*g - k = -40*g. What are the prime factors of g?
2, 101
List the prime factors of (((-2926)/8)/(-7))/(7/28).
11, 19
Suppose -677 + 3047 = 10*b. What are the prime factors of b?
3, 79
Suppose 72*l = 82*l - 22960. What are the prime factors of l?
2, 7, 41
List the prime factors of (-159935)/(-35) - 108/189.
3, 1523
Suppose 584 = 2*l - k, 0 = -3*l - 4*k + 696 + 158. Let m = l + -190. What are the prime factors of m?
2, 5
Let q = 3 - 2. Let c be 1 + (-1)/q + 0. Suppose c = 3*r + r - 48. What are the prime factors of r?
2, 3
Suppose -14*a - 50